{"id":4114,"date":"2023-09-11T11:08:46","date_gmt":"2023-09-11T09:08:46","guid":{"rendered":"http:\/\/ymmnqox.cluster028.hosting.ovh.net\/index.php\/domaine-jean-et-victor-gardies\/"},"modified":"2025-09-16T12:18:30","modified_gmt":"2025-09-16T10:18:30","slug":"domaine-jean-et-victor-gardies","status":"publish","type":"page","link":"https:\/\/www.vinscoeur.be\/index.php\/domaine-jean-et-victor-gardies\/","title":{"rendered":"Domaine Jean et Victor GARDIES"},"content":{"rendered":"\n<p><strong><a href=\"http:\/\/www.domaine-gardies.fr\/fr\/index.html\" target=\"_blank\" rel=\"noreferrer noopener\">Lien vers le site du Domaine<\/a><\/strong><\/p>\n\n\n\n<div style=\"height:50px\" aria-hidden=\"true\" class=\"wp-block-spacer\"><\/div>\n\n\n\n<p>Jean Gardi\u00e9s est install\u00e9 sur ses tr\u00e8s beaux terroirs d&rsquo;Espira de l&rsquo;Agly et de Vingrau depuis 1990. Sur 35 hectares, il profite de la diversit\u00e9 g\u00e9ologique locale entre sols argilo-calcaires et de schistes pour produire une gamme de vins pr\u00e9cis. Il travaille d\u00e9sormais \u00e0 quatre mains avec son fils Victor. La qualit\u00e9 des vins blancs se confirme d&rsquo;ann\u00e9e en ann\u00e9e, avec de plus en plus de puret\u00e9, de longueur et de justesse dans les \u00e9levages. Les rouges restent tr\u00e8s bien construits, de jolis classiques, avec de la charpente mais des tanins m\u00fbrs et un beau potentiel de garde.<\/p>\n\n\n\n<div style=\"height:50px\" aria-hidden=\"true\" class=\"wp-block-spacer\"><\/div>\n\n\n\n<div class=\"wp-block-media-text alignwide is-stacked-on-mobile\"><figure class=\"wp-block-media-text__media\"><img loading=\"lazy\" decoding=\"async\" width=\"1024\" height=\"768\" src=\"https:\/\/www.vinscoeur.be\/wp-content\/uploads\/2023\/08\/PHOTO-2022-10-30-07-49-24.jpg\" alt=\"\" class=\"wp-image-2848 size-full\" srcset=\"https:\/\/www.vinscoeur.be\/wp-content\/uploads\/2023\/08\/PHOTO-2022-10-30-07-49-24.jpg 1024w, https:\/\/www.vinscoeur.be\/wp-content\/uploads\/2023\/08\/PHOTO-2022-10-30-07-49-24-600x450.jpg 600w, https:\/\/www.vinscoeur.be\/wp-content\/uploads\/2023\/08\/PHOTO-2022-10-30-07-49-24-300x225.jpg 300w, https:\/\/www.vinscoeur.be\/wp-content\/uploads\/2023\/08\/PHOTO-2022-10-30-07-49-24-768x576.jpg 768w\" sizes=\"auto, (max-width: 1024px) 100vw, 1024px\" \/><\/figure><div class=\"wp-block-media-text__content\">\n<p>Les cuv\u00e9es VDN du Domaine.<\/p>\n<\/div><\/div>\n\n\n\n<div style=\"height:50px\" aria-hidden=\"true\" class=\"wp-block-spacer\"><\/div>\n\n\n\n<div class=\"wp-block-media-text alignwide is-stacked-on-mobile\"><figure class=\"wp-block-media-text__media\"><img loading=\"lazy\" decoding=\"async\" width=\"500\" height=\"373\" src=\"https:\/\/www.vinscoeur.be\/wp-content\/uploads\/2023\/08\/photo.jpg\" alt=\"\" class=\"wp-image-2852 size-full\" srcset=\"https:\/\/www.vinscoeur.be\/wp-content\/uploads\/2023\/08\/photo.jpg 500w, https:\/\/www.vinscoeur.be\/wp-content\/uploads\/2023\/08\/photo-300x224.jpg 300w\" sizes=\"auto, (max-width: 500px) 100vw, 500px\" \/><\/figure><div class=\"wp-block-media-text__content\">\n<p>Le Domaine Gardi\u00e9s et ses vignes avoisinantes \u00e0 Espira de l&rsquo;Agly<\/p>\n<\/div><\/div>\n\n\n\n<div style=\"height:50px\" aria-hidden=\"true\" class=\"wp-block-spacer\"><\/div>\n\n\n\n<div class=\"wp-block-media-text alignwide is-stacked-on-mobile\"><figure class=\"wp-block-media-text__media\"><img loading=\"lazy\" decoding=\"async\" width=\"650\" height=\"330\" src=\"https:\/\/www.vinscoeur.be\/wp-content\/uploads\/2023\/08\/20558-autre-domaine-gardies-cotes-du-roussillon-villages.jpg\" alt=\"\" class=\"wp-image-2850 size-full\" srcset=\"https:\/\/www.vinscoeur.be\/wp-content\/uploads\/2023\/08\/20558-autre-domaine-gardies-cotes-du-roussillon-villages.jpg 650w, https:\/\/www.vinscoeur.be\/wp-content\/uploads\/2023\/08\/20558-autre-domaine-gardies-cotes-du-roussillon-villages-600x305.jpg 600w, https:\/\/www.vinscoeur.be\/wp-content\/uploads\/2023\/08\/20558-autre-domaine-gardies-cotes-du-roussillon-villages-300x152.jpg 300w\" sizes=\"auto, (max-width: 650px) 100vw, 650px\" \/><\/figure><div class=\"wp-block-media-text__content\">\n<p>Le vignoble entourant Espira de l&rsquo;Agly.<\/p>\n<\/div><\/div>\n\n\n\n<div style=\"height:50px\" aria-hidden=\"true\" class=\"wp-block-spacer\"><\/div>\n\n\n\n<p><font><font><font><strong><em><strong><em>Liste des vins disponibles \u00e0 l\u2019achat lors de notre d\u00e9gustation d&rsquo;automne 2024 :<\/em><\/strong><\/em><\/strong><\/font><\/font><\/font><\/p>\n\n\n\n<div style=\"height:25px\" aria-hidden=\"true\" class=\"wp-block-spacer\"><\/div>\n\n\n\n<div style=\"height:25px\" aria-hidden=\"true\" class=\"wp-block-spacer\"><\/div>\n\n\n\n<figure class=\"wp-block-table is-style-stripes\" style=\"font-size:13px\"><table class=\"has-colibri-color-6-color has-colibri-color-2-background-color has-text-color has-background has-link-color\"><tbody><tr><td>\n<ul>\n<li><em><strong>Vin Blanc<\/strong><\/em><\/li>\n<\/ul>\n<\/td><td>&nbsp;<\/td><\/tr><tr><td><mark style=\"background-color:#303e7a\" class=\"has-inline-color has-colibri-color-4-color\">C.R. \u00ab\u00a0Les Glaciaires\u00a0\u00bb<\/mark><\/td><td>2024<\/td><\/tr><tr><td>C.C. \u00ab\u00a0Je cherche le ciel\u00a0\u00bb<\/td><td>2024<\/td><\/tr><tr><td>C.R. \u00ab\u00a0Le Clos des Vignes\u00a0\u00bb<\/td><td>2024<\/td><\/tr><tr><td>\n<ul>\n<li><em><strong>Vin Rouge<\/strong><\/em><\/li>\n<\/ul>\n<\/td><td>&nbsp;<\/td><\/tr><tr><td><mark style=\"background-color:#303e7a\" class=\"has-inline-color has-colibri-color-4-color\">C.R.V. \u00ab\u00a0Les Milli\u00e8res\u00a0\u00bb<\/mark>&nbsp;<\/td><td>2023<\/td><\/tr><tr><td>C.C. \u00ab\u00a0Je cherche le ciel\u00a0\u00bb<\/td><td>2023<\/td><\/tr><tr><td><mark style=\"background-color:#303e7a\" class=\"has-inline-color has-colibri-color-4-color\">C.R.V. &#8211; Tautavel \u00ab\u00a0Clos des Vignes\u00a0\u00bb<\/mark>&nbsp;<\/td><td>2022<\/td><\/tr><tr><td>C.C. \u00ab\u00a0Les Vignes de mon P\u00e8re\u00a0\u00bb <\/td><td>2022<\/td><\/tr><tr><td><mark style=\"background-color:#303e7a\" class=\"has-inline-color has-colibri-color-4-color\">C.R.V. &#8211; Tautavel \u00ab\u00a0La Torre\u00a0\u00bb<\/mark><\/td><td>2022<\/td><\/tr><tr><td>C.R.V. &#8211; Tautavel \u00ab\u00a0La Torre\u00a0\u00bb<\/td><td>2014<\/td><\/tr><tr><td>C.R.V. &#8211; Tautavel \u00ab\u00a0La Torre\u00a0\u00bb<\/td><td>2010<\/td><\/tr><tr><td>C.R.V. &#8211; Tautavel \u00ab\u00a0Les Falaises\u00a0\u00bb<\/td><td>2022<\/td><\/tr><tr><td>C.R.V. &#8211; Tautavel \u00ab\u00a0Les Falaises\u00a0\u00bb<\/td><td>2018<\/td><\/tr><tr><td>C.R.V. &#8211; Tautavel \u00ab\u00a0Les Falaises\u00a0\u00bb<\/td><td>2016<br><\/td><\/tr><tr><td>\n<ul>\n<li><em><strong>VDN<\/strong><\/em><\/li>\n<\/ul>\n<\/td><td>&nbsp;<\/td><\/tr><tr><td>Flor Muscat de Rivesaltes 75 cl<\/td><td>2023<\/td><\/tr><tr><td>Cerra Rivesaltes &#8211; Grenat 50 cl<\/td><td>2016<\/td><\/tr><\/tbody><\/table><figcaption class=\"wp-element-caption\">Cuv\u00e9es d\u00e9gust\u00e9es le 13 septembre 2025 :\u00a0<mark style=\"background-color:#303e7a\" class=\"has-inline-color has-colibri-color-4-color\">nom de la cuv\u00e9e<\/mark><\/figcaption><\/figure>\n\n\n\n<div style=\"height:30px\" aria-hidden=\"true\" class=\"wp-block-spacer\"><\/div>\n\n\n\n<div class=\"wp-block-buttons is-layout-flex wp-block-buttons-is-layout-flex\">\n<div class=\"wp-block-button\"><a class=\"wp-block-button__link wp-element-button\" href=\"https:\/\/www.vinscoeur.be\/index.php\/les-domaines\/\" target=\"_blank\" rel=\"noreferrer noopener\">Retour aux Domaines<\/a><\/div>\n<\/div>\n\n\n\n<p><\/p>\n","protected":false},"excerpt":{"rendered":"<p>Lien vers le site du Domaine Jean Gardi\u00e9s est install\u00e9 sur ses tr\u00e8s beaux terroirs d&rsquo;Espira de l&rsquo;Agly et de Vingrau depuis 1990. Sur 35 hectares, il profite de la diversit\u00e9 g\u00e9ologique locale entre sols argilo-calcaires et de schistes pour produire une gamme de vins pr\u00e9cis. Il travaille d\u00e9sormais \u00e0 quatre mains avec son fils [&hellip;]<\/p>\n","protected":false},"author":54,"featured_media":2850,"parent":0,"menu_order":0,"comment_status":"closed","ping_status":"open","template":"","meta":{"_acf_changed":false,"footnotes":""},"categories":[24],"tags":[],"class_list":["post-4114","page","type-page","status-publish","has-post-thumbnail","hentry","category-roussillon"],"acf":[],"_links":{"self":[{"href":"https:\/\/www.vinscoeur.be\/index.php\/wp-json\/wp\/v2\/pages\/4114","targetHints":{"allow":["GET"]}}],"collection":[{"href":"https:\/\/www.vinscoeur.be\/index.php\/wp-json\/wp\/v2\/pages"}],"about":[{"href":"https:\/\/www.vinscoeur.be\/index.php\/wp-json\/wp\/v2\/types\/page"}],"author":[{"embeddable":true,"href":"https:\/\/www.vinscoeur.be\/index.php\/wp-json\/wp\/v2\/users\/54"}],"replies":[{"embeddable":true,"href":"https:\/\/www.vinscoeur.be\/index.php\/wp-json\/wp\/v2\/comments?post=4114"}],"version-history":[{"count":10,"href":"https:\/\/www.vinscoeur.be\/index.php\/wp-json\/wp\/v2\/pages\/4114\/revisions"}],"predecessor-version":[{"id":9031,"href":"https:\/\/www.vinscoeur.be\/index.php\/wp-json\/wp\/v2\/pages\/4114\/revisions\/9031"}],"wp:featuredmedia":[{"embeddable":true,"href":"https:\/\/www.vinscoeur.be\/index.php\/wp-json\/wp\/v2\/media\/2850"}],"wp:attachment":[{"href":"https:\/\/www.vinscoeur.be\/index.php\/wp-json\/wp\/v2\/media?parent=4114"}],"wp:term":[{"taxonomy":"category","embeddable":true,"href":"https:\/\/www.vinscoeur.be\/index.php\/wp-json\/wp\/v2\/categories?post=4114"},{"taxonomy":"post_tag","embeddable":true,"href":"https:\/\/www.vinscoeur.be\/index.php\/wp-json\/wp\/v2\/tags?post=4114"}],"curies":[{"name":"wp","href":"https:\/\/api.w.org\/{rel}","templated":true}]}}

<p><strong><a href="http://www.domaine-gardies.fr/fr/index.html" target="_blank" rel="noreferrer noopener">Lien vers le site du Domaine</a></strong></p>



<div style="height:50px" aria-hidden="true" class="wp-block-spacer"></div>



<p>Jean Gardiés est installé sur ses très beaux terroirs d&rsquo;Espira de l&rsquo;Agly et de Vingrau depuis 1990. Sur 35 hectares, il profite de la diversité géologique locale entre sols argilo-calcaires et de schistes pour produire une gamme de vins précis. Il travaille désormais à quatre mains avec son fils Victor. La qualité des vins blancs se confirme d&rsquo;année en année, avec de plus en plus de pureté, de longueur et de justesse dans les élevages. Les rouges restent très bien construits, de jolis classiques, avec de la charpente mais des tanins mûrs et un beau potentiel de garde.</p>



<div style="height:50px" aria-hidden="true" class="wp-block-spacer"></div>



<div class="wp-block-media-text alignwide is-stacked-on-mobile"><figure class="wp-block-media-text__media"><img loading="lazy" decoding="async" width="1024" height="768" src="https://www.vinscoeur.be/wp-content/uploads/2023/08/PHOTO-2022-10-30-07-49-24.jpg" alt="" class="wp-image-2848 size-full" srcset="https://www.vinscoeur.be/wp-content/uploads/2023/08/PHOTO-2022-10-30-07-49-24.jpg 1024w, https://www.vinscoeur.be/wp-content/uploads/2023/08/PHOTO-2022-10-30-07-49-24-600x450.jpg 600w, https://www.vinscoeur.be/wp-content/uploads/2023/08/PHOTO-2022-10-30-07-49-24-300x225.jpg 300w, https://www.vinscoeur.be/wp-content/uploads/2023/08/PHOTO-2022-10-30-07-49-24-768x576.jpg 768w" sizes="auto, (max-width: 1024px) 100vw, 1024px" /></figure><div class="wp-block-media-text__content">
<p>Les cuvées VDN du Domaine.</p>
</div></div>



<div style="height:50px" aria-hidden="true" class="wp-block-spacer"></div>



<div class="wp-block-media-text alignwide is-stacked-on-mobile"><figure class="wp-block-media-text__media"><img loading="lazy" decoding="async" width="500" height="373" src="https://www.vinscoeur.be/wp-content/uploads/2023/08/photo.jpg" alt="" class="wp-image-2852 size-full" srcset="https://www.vinscoeur.be/wp-content/uploads/2023/08/photo.jpg 500w, https://www.vinscoeur.be/wp-content/uploads/2023/08/photo-300x224.jpg 300w" sizes="auto, (max-width: 500px) 100vw, 500px" /></figure><div class="wp-block-media-text__content">
<p>Le Domaine Gardiés et ses vignes avoisinantes à Espira de l&rsquo;Agly</p>
</div></div>



<div style="height:50px" aria-hidden="true" class="wp-block-spacer"></div>



<div class="wp-block-media-text alignwide is-stacked-on-mobile"><figure class="wp-block-media-text__media"><img loading="lazy" decoding="async" width="650" height="330" src="https://www.vinscoeur.be/wp-content/uploads/2023/08/20558-autre-domaine-gardies-cotes-du-roussillon-villages.jpg" alt="" class="wp-image-2850 size-full" srcset="https://www.vinscoeur.be/wp-content/uploads/2023/08/20558-autre-domaine-gardies-cotes-du-roussillon-villages.jpg 650w, https://www.vinscoeur.be/wp-content/uploads/2023/08/20558-autre-domaine-gardies-cotes-du-roussillon-villages-600x305.jpg 600w, https://www.vinscoeur.be/wp-content/uploads/2023/08/20558-autre-domaine-gardies-cotes-du-roussillon-villages-300x152.jpg 300w" sizes="auto, (max-width: 650px) 100vw, 650px" /></figure><div class="wp-block-media-text__content">
<p>Le vignoble entourant Espira de l&rsquo;Agly.</p>
</div></div>



<div style="height:50px" aria-hidden="true" class="wp-block-spacer"></div>



<p><font><font><font><strong><em><strong><em>Liste des vins disponibles à l’achat lors de notre dégustation d&rsquo;automne 2024 :</em></strong></em></strong></font></font></font></p>



<div style="height:25px" aria-hidden="true" class="wp-block-spacer"></div>



<div style="height:25px" aria-hidden="true" class="wp-block-spacer"></div>



<figure class="wp-block-table is-style-stripes" style="font-size:13px"><table class="has-colibri-color-6-color has-colibri-color-2-background-color has-text-color has-background has-link-color"><tbody><tr><td>
<ul>
<li><em><strong>Vin Blanc</strong></em></li>
</ul>
</td><td>&nbsp;</td></tr><tr><td><mark style="background-color:#303e7a" class="has-inline-color has-colibri-color-4-color">C.R. « Les Glaciaires »</mark></td><td>2024</td></tr><tr><td>C.C. « Je cherche le ciel »</td><td>2024</td></tr><tr><td>C.R. « Le Clos des Vignes »</td><td>2024</td></tr><tr><td>
<ul>
<li><em><strong>Vin Rouge</strong></em></li>
</ul>
</td><td>&nbsp;</td></tr><tr><td><mark style="background-color:#303e7a" class="has-inline-color has-colibri-color-4-color">C.R.V. « Les Millières »</mark>&nbsp;</td><td>2023</td></tr><tr><td>C.C. « Je cherche le ciel »</td><td>2023</td></tr><tr><td><mark style="background-color:#303e7a" class="has-inline-color has-colibri-color-4-color">C.R.V. &#8211; Tautavel « Clos des Vignes »</mark>&nbsp;</td><td>2022</td></tr><tr><td>C.C. « Les Vignes de mon Père » </td><td>2022</td></tr><tr><td><mark style="background-color:#303e7a" class="has-inline-color has-colibri-color-4-color">C.R.V. &#8211; Tautavel « La Torre »</mark></td><td>2022</td></tr><tr><td>C.R.V. &#8211; Tautavel « La Torre »</td><td>2014</td></tr><tr><td>C.R.V. &#8211; Tautavel « La Torre »</td><td>2010</td></tr><tr><td>C.R.V. &#8211; Tautavel « Les Falaises »</td><td>2022</td></tr><tr><td>C.R.V. &#8211; Tautavel « Les Falaises »</td><td>2018</td></tr><tr><td>C.R.V. &#8211; Tautavel « Les Falaises »</td><td>2016<br></td></tr><tr><td>
<ul>
<li><em><strong>VDN</strong></em></li>
</ul>
</td><td>&nbsp;</td></tr><tr><td>Flor Muscat de Rivesaltes 75 cl</td><td>2023</td></tr><tr><td>Cerra Rivesaltes &#8211; Grenat 50 cl</td><td>2016</td></tr></tbody></table><figcaption class="wp-element-caption">Cuvées dégustées le 13 septembre 2025 : <mark style="background-color:#303e7a" class="has-inline-color has-colibri-color-4-color">nom de la cuvée</mark></figcaption></figure>



<div style="height:30px" aria-hidden="true" class="wp-block-spacer"></div>



<div class="wp-block-buttons is-layout-flex wp-block-buttons-is-layout-flex">
<div class="wp-block-button"><a class="wp-block-button__link wp-element-button" href="https://www.vinscoeur.be/index.php/les-domaines/" target="_blank" rel="noreferrer noopener">Retour aux Domaines</a></div>
</div>



<p></p>

<p>Lien vers le site du Domaine Jean Gardiés est installé sur ses très beaux terroirs d&rsquo;Espira de l&rsquo;Agly et de Vingrau depuis 1990. Sur 35 hectares, il profite de la diversité géologique locale entre sols argilo-calcaires et de schistes pour produire une gamme de vins précis. Il travaille désormais à quatre mains avec son fils [&hellip;]</p>
