{"id":4076,"date":"2023-01-31T13:34:32","date_gmt":"2023-01-31T12:34:32","guid":{"rendered":"http:\/\/ymmnqox.cluster028.hosting.ovh.net\/index.php\/chateau-unang\/"},"modified":"2025-05-31T11:36:19","modified_gmt":"2025-05-31T09:36:19","slug":"chateau-unang","status":"publish","type":"page","link":"https:\/\/www.vinscoeur.be\/index.php\/chateau-unang\/","title":{"rendered":"Ch\u00e2teau UNANG"},"content":{"rendered":"\n<p><strong><a href=\"https:\/\/www.chateau-unang.com\/\" data-type=\"URL\" data-id=\"https:\/\/www.vinscoeur.be\/103\" target=\"_blank\" rel=\"noreferrer noopener\">Lien vers le site du Domaine<\/a><\/strong><\/p>\n\n\n\n<div style=\"height:50px\" aria-hidden=\"true\" class=\"wp-block-spacer\"><\/div>\n\n\n\n<div class=\"wp-block-media-text alignwide is-stacked-on-mobile\"><figure class=\"wp-block-media-text__media\"><img loading=\"lazy\" decoding=\"async\" width=\"300\" height=\"193\" src=\"https:\/\/www.vinscoeur.be\/wp-content\/uploads\/2024\/01\/1707949676.jpg\" alt=\"\" class=\"wp-image-3457 size-full\" \/><\/figure><div class=\"wp-block-media-text__content\">\n<p>James et Joanna King, \u00e9cossais de naissance, sont les propri\u00e9taires du Ch\u00e2teau Unang<\/p>\n<\/div><\/div>\n\n\n\n<div style=\"height:100px\" aria-hidden=\"true\" class=\"wp-block-spacer\"><\/div>\n\n\n\n<div class=\"wp-block-media-text alignwide is-stacked-on-mobile\"><figure class=\"wp-block-media-text__media\"><img loading=\"lazy\" decoding=\"async\" width=\"600\" height=\"450\" src=\"https:\/\/www.vinscoeur.be\/wp-content\/uploads\/2024\/01\/296153060_461811035898617_5518349464602012923_n-1.jpg\" alt=\"\" class=\"wp-image-3456 size-full\" srcset=\"https:\/\/www.vinscoeur.be\/wp-content\/uploads\/2024\/01\/296153060_461811035898617_5518349464602012923_n-1.jpg 600w, https:\/\/www.vinscoeur.be\/wp-content\/uploads\/2024\/01\/296153060_461811035898617_5518349464602012923_n-1-300x225.jpg 300w\" sizes=\"auto, (max-width: 600px) 100vw, 600px\" \/><\/figure><div class=\"wp-block-media-text__content\">\n<p>Le caveau de d\u00e9gustation<\/p>\n<\/div><\/div>\n\n\n\n<div style=\"height:100px\" aria-hidden=\"true\" class=\"wp-block-spacer\"><\/div>\n\n\n\n<div class=\"wp-block-media-text alignwide is-stacked-on-mobile\"><figure class=\"wp-block-media-text__media\"><img loading=\"lazy\" decoding=\"async\" width=\"600\" height=\"450\" src=\"https:\/\/www.vinscoeur.be\/wp-content\/uploads\/2024\/01\/328515704_678878440601511_3808800341343795446_n-1.jpg\" alt=\"\" class=\"wp-image-3461 size-full\" srcset=\"https:\/\/www.vinscoeur.be\/wp-content\/uploads\/2024\/01\/328515704_678878440601511_3808800341343795446_n-1.jpg 600w, https:\/\/www.vinscoeur.be\/wp-content\/uploads\/2024\/01\/328515704_678878440601511_3808800341343795446_n-1-300x225.jpg 300w\" sizes=\"auto, (max-width: 600px) 100vw, 600px\" \/><\/figure><div class=\"wp-block-media-text__content\">\n<p>Ici aussi, l&rsquo;agropastoralisme est de mise<\/p>\n<\/div><\/div>\n\n\n\n<div style=\"height:50px\" aria-hidden=\"true\" class=\"wp-block-spacer\"><\/div>\n\n\n\n<p><font><font><font><strong><em><strong><em>Liste des vins disponibles \u00e0 l\u2019achat lors de notre d\u00e9gustation de printemps 2025 :<\/em><\/strong><\/em><\/strong><\/font><\/font><\/font><\/p>\n\n\n\n<div style=\"height:25px\" aria-hidden=\"true\" class=\"wp-block-spacer\"><\/div>\n\n\n\n<figure class=\"wp-block-table is-style-stripes has-small-font-size\"><table class=\"has-colibri-color-6-color has-colibri-color-4-background-color has-text-color has-background has-link-color\"><tbody><tr><td>\n<ul>\n<li><em><strong>Vin Ros\u00e9<\/strong><\/em><\/li>\n<\/ul>\n<\/td><td class=\"has-text-align-right\" data-align=\"right\">&nbsp;<\/td><\/tr><tr><td><mark style=\"background-color:#303e7a\" class=\"has-inline-color has-colibri-color-4-color\">C\u00f4tes du Ventoux<\/mark><\/td><td class=\"has-text-align-right\" data-align=\"right\">2024<\/td><\/tr><tr><td>\n<ul>\n<li><em><strong>Vin Blanc<\/strong><\/em><\/li>\n<\/ul>\n<\/td><td class=\"has-text-align-right\" data-align=\"right\">&nbsp;<\/td><\/tr><tr><td><mark style=\"background-color:#303e7a\" class=\"has-inline-color has-colibri-color-4-color\">C\u00f4tes du Ventoux<\/mark><\/td><td class=\"has-text-align-right\" data-align=\"right\">2024<\/td><\/tr><tr><td><mark style=\"background-color:#303e7a\" class=\"has-inline-color has-colibri-color-4-color\">Cuv\u00e9e Adeline<\/mark><\/td><td class=\"has-text-align-right\" data-align=\"right\">2024<\/td><\/tr><tr><td>\n<ul>\n<li><em><strong>Vin Rouge<\/strong><\/em><\/li>\n<\/ul>\n<\/td><td class=\"has-text-align-right\" data-align=\"right\">&nbsp;<\/td><\/tr><tr><td><mark style=\"background-color:#303e7a\" class=\"has-inline-color has-colibri-color-4-color\">C\u00f4tes du Ventoux \u00ab\u00a0La Source\u00a0\u00bb<\/mark><\/td><td class=\"has-text-align-right\" data-align=\"right\">2022<\/td><\/tr><tr><td><mark style=\"background-color:#303e7a\" class=\"has-inline-color has-colibri-color-4-color\">C\u00f4tes du Ventoux \u00ab\u00a0La Croix\u00a0\u00bb<\/mark><\/td><td class=\"has-text-align-right\" data-align=\"right\">2022<\/td><\/tr><tr><td>C\u00f4tes du Ventoux \u00ab\u00a0La Croix\u00a0\u00bb (magnum)<\/td><td class=\"has-text-align-right\" data-align=\"right\">2019<\/td><\/tr><tr><td><mark style=\"background-color:#303e7a\" class=\"has-inline-color has-colibri-color-4-color\">C\u00f4tes du Ventoux \u00ab\u00a0La Gardy\u00a0\u00bb<\/mark><\/td><td class=\"has-text-align-right\" data-align=\"right\">2019<\/td><\/tr><tr><td>C\u00f4tes du Ventoux \u00ab\u00a0Cuv\u00e9e 867\u00a0\u00bb<\/td><td class=\"has-text-align-right\" data-align=\"right\">2018<\/td><\/tr><\/tbody><\/table><figcaption class=\"wp-element-caption\">Cuv\u00e9es d\u00e9gust\u00e9es le 6 avril 2025 :\u00a0<mark style=\"background-color:#303e7a\" class=\"has-inline-color has-colibri-color-4-color\">nom de la cuv\u00e9e<\/mark><\/figcaption><\/figure>\n\n\n\n<div style=\"height:25px\" aria-hidden=\"true\" class=\"wp-block-spacer\"><\/div>\n\n\n\n<div class=\"wp-block-buttons is-layout-flex wp-block-buttons-is-layout-flex\">\n<div class=\"wp-block-button\"><a class=\"wp-block-button__link wp-element-button\" href=\"https:\/\/www.vinscoeur.be\/index.php\/les-domaines\/\">Retour aux domaines<\/a><\/div>\n<\/div>\n","protected":false},"excerpt":{"rendered":"<p>Lien vers le site du Domaine James et Joanna King, \u00e9cossais de naissance, sont les propri\u00e9taires du Ch\u00e2teau Unang Le caveau de d\u00e9gustation Ici aussi, l&rsquo;agropastoralisme est de mise Liste des vins disponibles \u00e0 l\u2019achat lors de notre d\u00e9gustation de printemps 2025 : Vin Ros\u00e9 &nbsp; C\u00f4tes du Ventoux 2024 Vin Blanc &nbsp; C\u00f4tes du [&hellip;]<\/p>\n","protected":false},"author":54,"featured_media":1337,"parent":0,"menu_order":0,"comment_status":"closed","ping_status":"open","template":"","meta":{"_acf_changed":false,"footnotes":""},"categories":[25],"tags":[],"class_list":["post-4076","page","type-page","status-publish","has-post-thumbnail","hentry","category-rhone-sud"],"acf":[],"_links":{"self":[{"href":"https:\/\/www.vinscoeur.be\/index.php\/wp-json\/wp\/v2\/pages\/4076","targetHints":{"allow":["GET"]}}],"collection":[{"href":"https:\/\/www.vinscoeur.be\/index.php\/wp-json\/wp\/v2\/pages"}],"about":[{"href":"https:\/\/www.vinscoeur.be\/index.php\/wp-json\/wp\/v2\/types\/page"}],"author":[{"embeddable":true,"href":"https:\/\/www.vinscoeur.be\/index.php\/wp-json\/wp\/v2\/users\/54"}],"replies":[{"embeddable":true,"href":"https:\/\/www.vinscoeur.be\/index.php\/wp-json\/wp\/v2\/comments?post=4076"}],"version-history":[{"count":26,"href":"https:\/\/www.vinscoeur.be\/index.php\/wp-json\/wp\/v2\/pages\/4076\/revisions"}],"predecessor-version":[{"id":8238,"href":"https:\/\/www.vinscoeur.be\/index.php\/wp-json\/wp\/v2\/pages\/4076\/revisions\/8238"}],"wp:featuredmedia":[{"embeddable":true,"href":"https:\/\/www.vinscoeur.be\/index.php\/wp-json\/wp\/v2\/media\/1337"}],"wp:attachment":[{"href":"https:\/\/www.vinscoeur.be\/index.php\/wp-json\/wp\/v2\/media?parent=4076"}],"wp:term":[{"taxonomy":"category","embeddable":true,"href":"https:\/\/www.vinscoeur.be\/index.php\/wp-json\/wp\/v2\/categories?post=4076"},{"taxonomy":"post_tag","embeddable":true,"href":"https:\/\/www.vinscoeur.be\/index.php\/wp-json\/wp\/v2\/tags?post=4076"}],"curies":[{"name":"wp","href":"https:\/\/api.w.org\/{rel}","templated":true}]}}

Château UNANG

<p><strong><a href="https://www.chateau-unang.com/" data-type="URL" data-id="https://www.vinscoeur.be/103" target="_blank" rel="noreferrer noopener">Lien vers le site du Domaine</a></strong></p>



<div style="height:50px" aria-hidden="true" class="wp-block-spacer"></div>



<div class="wp-block-media-text alignwide is-stacked-on-mobile"><figure class="wp-block-media-text__media"><img loading="lazy" decoding="async" width="300" height="193" src="https://www.vinscoeur.be/wp-content/uploads/2024/01/1707949676.jpg" alt="" class="wp-image-3457 size-full" /></figure><div class="wp-block-media-text__content">
<p>James et Joanna King, écossais de naissance, sont les propriétaires du Château Unang</p>
</div></div>



<div style="height:100px" aria-hidden="true" class="wp-block-spacer"></div>



<div class="wp-block-media-text alignwide is-stacked-on-mobile"><figure class="wp-block-media-text__media"><img loading="lazy" decoding="async" width="600" height="450" src="https://www.vinscoeur.be/wp-content/uploads/2024/01/296153060_461811035898617_5518349464602012923_n-1.jpg" alt="" class="wp-image-3456 size-full" srcset="https://www.vinscoeur.be/wp-content/uploads/2024/01/296153060_461811035898617_5518349464602012923_n-1.jpg 600w, https://www.vinscoeur.be/wp-content/uploads/2024/01/296153060_461811035898617_5518349464602012923_n-1-300x225.jpg 300w" sizes="auto, (max-width: 600px) 100vw, 600px" /></figure><div class="wp-block-media-text__content">
<p>Le caveau de dégustation</p>
</div></div>



<div style="height:100px" aria-hidden="true" class="wp-block-spacer"></div>



<div class="wp-block-media-text alignwide is-stacked-on-mobile"><figure class="wp-block-media-text__media"><img loading="lazy" decoding="async" width="600" height="450" src="https://www.vinscoeur.be/wp-content/uploads/2024/01/328515704_678878440601511_3808800341343795446_n-1.jpg" alt="" class="wp-image-3461 size-full" srcset="https://www.vinscoeur.be/wp-content/uploads/2024/01/328515704_678878440601511_3808800341343795446_n-1.jpg 600w, https://www.vinscoeur.be/wp-content/uploads/2024/01/328515704_678878440601511_3808800341343795446_n-1-300x225.jpg 300w" sizes="auto, (max-width: 600px) 100vw, 600px" /></figure><div class="wp-block-media-text__content">
<p>Ici aussi, l&rsquo;agropastoralisme est de mise</p>
</div></div>



<div style="height:50px" aria-hidden="true" class="wp-block-spacer"></div>



<p><font><font><font><strong><em><strong><em>Liste des vins disponibles à l’achat lors de notre dégustation de printemps 2025 :</em></strong></em></strong></font></font></font></p>



<div style="height:25px" aria-hidden="true" class="wp-block-spacer"></div>



<figure class="wp-block-table is-style-stripes has-small-font-size"><table class="has-colibri-color-6-color has-colibri-color-4-background-color has-text-color has-background has-link-color"><tbody><tr><td>
<ul>
<li><em><strong>Vin Rosé</strong></em></li>
</ul>
</td><td class="has-text-align-right" data-align="right">&nbsp;</td></tr><tr><td><mark style="background-color:#303e7a" class="has-inline-color has-colibri-color-4-color">Côtes du Ventoux</mark></td><td class="has-text-align-right" data-align="right">2024</td></tr><tr><td>
<ul>
<li><em><strong>Vin Blanc</strong></em></li>
</ul>
</td><td class="has-text-align-right" data-align="right">&nbsp;</td></tr><tr><td><mark style="background-color:#303e7a" class="has-inline-color has-colibri-color-4-color">Côtes du Ventoux</mark></td><td class="has-text-align-right" data-align="right">2024</td></tr><tr><td><mark style="background-color:#303e7a" class="has-inline-color has-colibri-color-4-color">Cuvée Adeline</mark></td><td class="has-text-align-right" data-align="right">2024</td></tr><tr><td>
<ul>
<li><em><strong>Vin Rouge</strong></em></li>
</ul>
</td><td class="has-text-align-right" data-align="right">&nbsp;</td></tr><tr><td><mark style="background-color:#303e7a" class="has-inline-color has-colibri-color-4-color">Côtes du Ventoux « La Source »</mark></td><td class="has-text-align-right" data-align="right">2022</td></tr><tr><td><mark style="background-color:#303e7a" class="has-inline-color has-colibri-color-4-color">Côtes du Ventoux « La Croix »</mark></td><td class="has-text-align-right" data-align="right">2022</td></tr><tr><td>Côtes du Ventoux « La Croix » (magnum)</td><td class="has-text-align-right" data-align="right">2019</td></tr><tr><td><mark style="background-color:#303e7a" class="has-inline-color has-colibri-color-4-color">Côtes du Ventoux « La Gardy »</mark></td><td class="has-text-align-right" data-align="right">2019</td></tr><tr><td>Côtes du Ventoux « Cuvée 867 »</td><td class="has-text-align-right" data-align="right">2018</td></tr></tbody></table><figcaption class="wp-element-caption">Cuvées dégustées le 6 avril 2025 : <mark style="background-color:#303e7a" class="has-inline-color has-colibri-color-4-color">nom de la cuvée</mark></figcaption></figure>



<div style="height:25px" aria-hidden="true" class="wp-block-spacer"></div>



<div class="wp-block-buttons is-layout-flex wp-block-buttons-is-layout-flex">
<div class="wp-block-button"><a class="wp-block-button__link wp-element-button" href="https://www.vinscoeur.be/index.php/les-domaines/">Retour aux domaines</a></div>
</div>

<p>Lien vers le site du Domaine James et Joanna King, écossais de naissance, sont les propriétaires du Château Unang Le caveau de dégustation Ici aussi, l&rsquo;agropastoralisme est de mise Liste des vins disponibles à l’achat lors de notre dégustation de printemps 2025 : Vin Rosé &nbsp; Côtes du Ventoux 2024 Vin Blanc &nbsp; Côtes du [&hellip;]</p>
