{"id":4072,"date":"2023-01-31T09:25:20","date_gmt":"2023-01-31T08:25:20","guid":{"rendered":"http:\/\/ymmnqox.cluster028.hosting.ovh.net\/index.php\/clos-des-fees\/"},"modified":"2025-12-26T10:49:14","modified_gmt":"2025-12-26T09:49:14","slug":"clos-des-fees","status":"publish","type":"page","link":"https:\/\/www.vinscoeur.be\/index.php\/clos-des-fees\/","title":{"rendered":"Clos des FEES"},"content":{"rendered":"\n<p><strong><a href=\"https:\/\/www.closdesfees.com\/\" target=\"_blank\" rel=\"noreferrer noopener\">Lien vers le site du Domaine<\/a><\/strong><\/p>\n\n\n\n<div style=\"height:50px\" aria-hidden=\"true\" class=\"wp-block-spacer\"><\/div>\n\n\n\n<div class=\"wp-block-media-text alignwide is-stacked-on-mobile\" style=\"grid-template-columns:39% auto\"><figure class=\"wp-block-media-text__media\"><img loading=\"lazy\" decoding=\"async\" width=\"231\" height=\"200\" src=\"https:\/\/www.vinscoeur.be\/wp-content\/uploads\/2024\/01\/HerveBizeul_230.jpg\" alt=\"\" class=\"wp-image-3522 size-full\" \/><\/figure><div class=\"wp-block-media-text__content\">\n<p>Herv\u00e9 Bizeul, cr\u00e9ateur du Domaine Le Clos des F\u00e9es, est consid\u00e9r\u00e9 comme un magicien de la vigne. Avec son amour inconditionnel pour les vins et son engagement en faveur de la qualit\u00e9, il a transform\u00e9 un petit coin de terre en un joyau du Roussillon. Chaque bouteille est une expression unique du terroir local et de sa passion pour les vins. Les amateurs de vin du monde entier se pressent pour go\u00fbter les cr\u00e9ations uniques du Clos des F\u00e9es, qui suscitent l&rsquo;admiration pour leur qualit\u00e9 exceptionnelle.<\/p>\n<\/div><\/div>\n\n\n\n<div style=\"height:100px\" aria-hidden=\"true\" class=\"wp-block-spacer\"><\/div>\n\n\n\n<div class=\"wp-block-media-text alignwide has-media-on-the-right is-stacked-on-mobile\"><div class=\"wp-block-media-text__content\">\n<p>Au Mas Llianssou, vignoble de carignan faisant partie du Clos des F\u00e9es, le travail des sols est r\u00e9alis\u00e9 au moyen du cheval et de la charrue<\/p>\n<\/div><figure class=\"wp-block-media-text__media\"><img loading=\"lazy\" decoding=\"async\" width=\"1024\" height=\"685\" src=\"http:\/\/tgtovsp.cluster031.hosting.ovh.net\/wp-content\/uploads\/2023\/01\/8-min-1024x685.jpg\" alt=\"\" class=\"wp-image-1277 size-full\" srcset=\"https:\/\/www.vinscoeur.be\/wp-content\/uploads\/2023\/01\/8-min-1024x685.jpg 1024w, https:\/\/www.vinscoeur.be\/wp-content\/uploads\/2023\/01\/8-min-600x402.jpg 600w, https:\/\/www.vinscoeur.be\/wp-content\/uploads\/2023\/01\/8-min-300x201.jpg 300w, https:\/\/www.vinscoeur.be\/wp-content\/uploads\/2023\/01\/8-min-768x514.jpg 768w, https:\/\/www.vinscoeur.be\/wp-content\/uploads\/2023\/01\/8-min.jpg 1200w\" sizes=\"auto, (max-width: 1024px) 100vw, 1024px\" \/><\/figure><\/div>\n\n\n\n<div style=\"height:100px\" aria-hidden=\"true\" class=\"wp-block-spacer\"><\/div>\n\n\n\n<div class=\"wp-block-media-text alignwide is-stacked-on-mobile\"><figure class=\"wp-block-media-text__media\"><img loading=\"lazy\" decoding=\"async\" width=\"640\" height=\"480\" src=\"http:\/\/tgtovsp.cluster031.hosting.ovh.net\/wp-content\/uploads\/2023\/01\/V2016-Cuves-Walden.jpg\" alt=\"\" class=\"wp-image-1280 size-full\" srcset=\"https:\/\/www.vinscoeur.be\/wp-content\/uploads\/2023\/01\/V2016-Cuves-Walden.jpg 640w, https:\/\/www.vinscoeur.be\/wp-content\/uploads\/2023\/01\/V2016-Cuves-Walden-600x450.jpg 600w, https:\/\/www.vinscoeur.be\/wp-content\/uploads\/2023\/01\/V2016-Cuves-Walden-300x225.jpg 300w\" sizes=\"auto, (max-width: 640px) 100vw, 640px\" \/><\/figure><div class=\"wp-block-media-text__content\">\n<p>La cuverie thermor\u00e9gul\u00e9e, comme il se doit<\/p>\n<\/div><\/div>\n\n\n\n<div style=\"height:50px\" aria-hidden=\"true\" class=\"wp-block-spacer\"><\/div>\n\n\n\n<p><strong><em><font><font><font>Liste des vins disponibles \u00e0 l\u2019achat lors de notre d\u00e9gustation <\/font><\/font><\/font>de printemps <font><font><font>2026 :<\/font><\/font><\/font><\/em> <\/strong><\/p>\n\n\n\n<div style=\"height:20px\" aria-hidden=\"true\" class=\"wp-block-spacer\"><\/div>\n\n\n\n<figure class=\"wp-block-table is-style-stripes has-small-font-size\"><table class=\"has-colibri-color-1-color has-colibri-color-4-background-color has-text-color has-background has-link-color\"><tbody><tr><td>\n<ul>\n<li><em><strong>Vin Blanc<\/strong><\/em><\/li>\n<\/ul>\n<\/td><td>&nbsp;<\/td><\/tr><tr><td>V.D.P.&nbsp; \u00ab\u00a0Vieilles Vignes\u00a0\u00bb<\/td><td>2024<\/td><\/tr><tr><td>\n<ul>\n<li><em><strong>Vin Rouge<\/strong><\/em><\/li>\n<\/ul>\n<\/td><td>&nbsp;<\/td><\/tr><tr><td>C.R.V. \u00ab\u00a0Vieilles Vignes\u00a0\u00bb<\/td><td>2022<\/td><\/tr><tr><td><mark style=\"background-color:#303e7a\" class=\"has-inline-color has-colibri-color-4-color\">C.R.V. \u00ab\u00a0De battre mon c\u0153ur s&rsquo;est arr\u00eat\u00e9\u00a0\u00bb<\/mark><\/td><td>2023 ou 2024<\/td><\/tr><\/tbody><\/table><figcaption class=\"wp-element-caption\">Cuv\u00e9es \u00e0 d\u00e9guster le 19 avril 2026 :&nbsp;<mark style=\"background-color:#303e7a\" class=\"has-inline-color has-colibri-color-4-color\">nom de la cuv\u00e9e<\/mark><\/figcaption><\/figure>\n\n\n\n<div style=\"height:20px\" aria-hidden=\"true\" class=\"wp-block-spacer\"><\/div>\n\n\n\n<div class=\"wp-block-buttons is-layout-flex wp-block-buttons-is-layout-flex\">\n<div class=\"wp-block-button\"><a class=\"wp-block-button__link wp-element-button\" href=\"https:\/\/www.vinscoeur.be\/index.php\/les-domaines\/\" target=\"_blank\" rel=\"noreferrer noopener\">Retour aux domaines<\/a><\/div>\n<\/div>\n","protected":false},"excerpt":{"rendered":"<p>Lien vers le site du Domaine Herv\u00e9 Bizeul, cr\u00e9ateur du Domaine Le Clos des F\u00e9es, est consid\u00e9r\u00e9 comme un magicien de la vigne. Avec son amour inconditionnel pour les vins et son engagement en faveur de la qualit\u00e9, il a transform\u00e9 un petit coin de terre en un joyau du Roussillon. Chaque bouteille est une [&hellip;]<\/p>\n","protected":false},"author":54,"featured_media":1440,"parent":0,"menu_order":0,"comment_status":"closed","ping_status":"open","template":"","meta":{"_acf_changed":false,"footnotes":""},"categories":[24],"tags":[],"class_list":["post-4072","page","type-page","status-publish","has-post-thumbnail","hentry","category-roussillon"],"acf":[],"_links":{"self":[{"href":"https:\/\/www.vinscoeur.be\/index.php\/wp-json\/wp\/v2\/pages\/4072","targetHints":{"allow":["GET"]}}],"collection":[{"href":"https:\/\/www.vinscoeur.be\/index.php\/wp-json\/wp\/v2\/pages"}],"about":[{"href":"https:\/\/www.vinscoeur.be\/index.php\/wp-json\/wp\/v2\/types\/page"}],"author":[{"embeddable":true,"href":"https:\/\/www.vinscoeur.be\/index.php\/wp-json\/wp\/v2\/users\/54"}],"replies":[{"embeddable":true,"href":"https:\/\/www.vinscoeur.be\/index.php\/wp-json\/wp\/v2\/comments?post=4072"}],"version-history":[{"count":18,"href":"https:\/\/www.vinscoeur.be\/index.php\/wp-json\/wp\/v2\/pages\/4072\/revisions"}],"predecessor-version":[{"id":9763,"href":"https:\/\/www.vinscoeur.be\/index.php\/wp-json\/wp\/v2\/pages\/4072\/revisions\/9763"}],"wp:featuredmedia":[{"embeddable":true,"href":"https:\/\/www.vinscoeur.be\/index.php\/wp-json\/wp\/v2\/media\/1440"}],"wp:attachment":[{"href":"https:\/\/www.vinscoeur.be\/index.php\/wp-json\/wp\/v2\/media?parent=4072"}],"wp:term":[{"taxonomy":"category","embeddable":true,"href":"https:\/\/www.vinscoeur.be\/index.php\/wp-json\/wp\/v2\/categories?post=4072"},{"taxonomy":"post_tag","embeddable":true,"href":"https:\/\/www.vinscoeur.be\/index.php\/wp-json\/wp\/v2\/tags?post=4072"}],"curies":[{"name":"wp","href":"https:\/\/api.w.org\/{rel}","templated":true}]}}