{"id":4057,"date":"2023-01-25T21:14:19","date_gmt":"2023-01-25T20:14:19","guid":{"rendered":"http:\/\/ymmnqox.cluster028.hosting.ovh.net\/index.php\/domaine-vincent-et-sophie-morey\/"},"modified":"2025-09-16T13:15:35","modified_gmt":"2025-09-16T11:15:35","slug":"domaine-vincent-et-sophie-morey","status":"publish","type":"page","link":"https:\/\/www.vinscoeur.be\/index.php\/domaine-vincent-et-sophie-morey\/","title":{"rendered":"Domaine Vincent et Sophie MOREY"},"content":{"rendered":"\n<div class=\"wp-block-media-text alignwide is-stacked-on-mobile\"><figure class=\"wp-block-media-text__media\"><img loading=\"lazy\" decoding=\"async\" width=\"690\" height=\"1024\" src=\"https:\/\/www.vinscoeur.be\/wp-content\/uploads\/2024\/05\/IMG_6706b-690x1024.jpg\" alt=\"\" class=\"wp-image-5871 size-full\" srcset=\"https:\/\/www.vinscoeur.be\/wp-content\/uploads\/2024\/05\/IMG_6706b-690x1024.jpg 690w, https:\/\/www.vinscoeur.be\/wp-content\/uploads\/2024\/05\/IMG_6706b-202x300.jpg 202w, https:\/\/www.vinscoeur.be\/wp-content\/uploads\/2024\/05\/IMG_6706b-768x1140.jpg 768w, https:\/\/www.vinscoeur.be\/wp-content\/uploads\/2024\/05\/IMG_6706b-1034x1536.jpg 1034w, https:\/\/www.vinscoeur.be\/wp-content\/uploads\/2024\/05\/IMG_6706b-1379x2048.jpg 1379w, https:\/\/www.vinscoeur.be\/wp-content\/uploads\/2024\/05\/IMG_6706b-600x891.jpg 600w, https:\/\/www.vinscoeur.be\/wp-content\/uploads\/2024\/05\/IMG_6706b-scaled.jpg 1724w\" sizes=\"auto, (max-width: 690px) 100vw, 690px\" \/><\/figure><div class=\"wp-block-media-text__content\">\n<p>Vincent Morey<\/p>\n<\/div><\/div>\n\n\n\n<div style=\"height:100px\" aria-hidden=\"true\" class=\"wp-block-spacer\"><\/div>\n\n\n\n<div class=\"wp-block-media-text alignwide is-stacked-on-mobile\"><figure class=\"wp-block-media-text__media\"><img loading=\"lazy\" decoding=\"async\" width=\"1024\" height=\"768\" src=\"https:\/\/www.vinscoeur.be\/wp-content\/uploads\/2024\/05\/IMG_6711-1024x768.jpg\" alt=\"\" class=\"wp-image-5872 size-full\" srcset=\"https:\/\/www.vinscoeur.be\/wp-content\/uploads\/2024\/05\/IMG_6711-1024x768.jpg 1024w, https:\/\/www.vinscoeur.be\/wp-content\/uploads\/2024\/05\/IMG_6711-300x225.jpg 300w, https:\/\/www.vinscoeur.be\/wp-content\/uploads\/2024\/05\/IMG_6711-768x576.jpg 768w, https:\/\/www.vinscoeur.be\/wp-content\/uploads\/2024\/05\/IMG_6711-1536x1152.jpg 1536w, https:\/\/www.vinscoeur.be\/wp-content\/uploads\/2024\/05\/IMG_6711-2048x1536.jpg 2048w, https:\/\/www.vinscoeur.be\/wp-content\/uploads\/2024\/05\/IMG_6711-600x450.jpg 600w\" sizes=\"auto, (max-width: 1024px) 100vw, 1024px\" \/><\/figure><div class=\"wp-block-media-text__content\">\n<p>Le nouveau caveau de d\u00e9gustation du Domaine<\/p>\n<\/div><\/div>\n\n\n\n<div style=\"height:100px\" aria-hidden=\"true\" class=\"wp-block-spacer\"><\/div>\n\n\n\n<div class=\"wp-block-media-text alignwide is-stacked-on-mobile\"><figure class=\"wp-block-media-text__media\"><img loading=\"lazy\" decoding=\"async\" width=\"1024\" height=\"768\" src=\"https:\/\/www.vinscoeur.be\/wp-content\/uploads\/2025\/06\/Morey_2022-6-1024x768.jpg\" alt=\"\" class=\"wp-image-8500 size-full\" srcset=\"https:\/\/www.vinscoeur.be\/wp-content\/uploads\/2025\/06\/Morey_2022-6-1024x768.jpg 1024w, https:\/\/www.vinscoeur.be\/wp-content\/uploads\/2025\/06\/Morey_2022-6-300x225.jpg 300w, https:\/\/www.vinscoeur.be\/wp-content\/uploads\/2025\/06\/Morey_2022-6-768x576.jpg 768w, https:\/\/www.vinscoeur.be\/wp-content\/uploads\/2025\/06\/Morey_2022-6-1536x1152.jpg 1536w, https:\/\/www.vinscoeur.be\/wp-content\/uploads\/2025\/06\/Morey_2022-6-2048x1536.jpg 2048w, https:\/\/www.vinscoeur.be\/wp-content\/uploads\/2025\/06\/Morey_2022-6-600x450.jpg 600w\" sizes=\"auto, (max-width: 1024px) 100vw, 1024px\" \/><\/figure><div class=\"wp-block-media-text__content\">\n<p>La cave d&rsquo;\u00e9levage des vins en 2022<\/p>\n<\/div><\/div>\n\n\n\n<div style=\"height:50px\" aria-hidden=\"true\" class=\"wp-block-spacer\"><\/div>\n\n\n\n<p><em><strong><em>Liste des vins disponibles \u00e0 l\u2019achat lors de notre d\u00e9gustatio<\/em>n&nbsp;d\u2018automne&nbsp;2025<\/strong><\/em><strong><em><strong><em>&nbsp;:<\/em><\/strong><\/em><\/strong><\/p>\n\n\n\n<div style=\"height:25px\" aria-hidden=\"true\" class=\"wp-block-spacer\"><\/div>\n\n\n\n<figure class=\"wp-block-table is-style-stripes has-small-font-size\"><table class=\"has-colibri-color-6-color has-colibri-color-2-background-color has-text-color has-background has-link-color\"><tbody><tr><td>\n<ul>\n<li><em><strong>Vin Blanc<\/strong><\/em><\/li>\n<\/ul>\n<\/td><td>&nbsp;<\/td><\/tr><tr><td>Santenay&nbsp; \u201cLes H\u00e2tes\u201d<\/td><td>2023<\/td><\/tr><tr><td><mark style=\"background-color:#303e7a\" class=\"has-inline-color has-colibri-color-4-color\">Santenay 1er cru \u201cPassetemps\u201d<\/mark><\/td><td>2023<\/td><\/tr><tr><td>Chassagne-Montrachet 1er cru \u201cLes Embraz\u00e9es\u201d<\/td><td>2023<\/td><\/tr><tr><td><mark style=\"background-color:#303e7a\" class=\"has-inline-color has-colibri-color-4-color\">Chassagne-Montrachet 1er cru \u201cLes Caillerets\u201d<\/mark><\/td><td>2023<\/td><\/tr><tr><td>Puligny-Montrachet 1er Cru \u201cLa Truffi\u00e8re\u201d<\/td><td>2023<\/td><\/tr><tr><td>Batard Montrachet grand cru<\/td><td>2023<\/td><\/tr><tr><td>\n<ul>\n<li><em><strong>Vin Rouge<\/strong><\/em><\/li>\n<\/ul>\n<\/td><td>&nbsp;<\/td><\/tr><tr><td>Santenay&nbsp; \u201cLes H\u00e2tes\u201d<\/td><td>2023<\/td><\/tr><tr><td>Santenay&nbsp; \u201cLes H\u00e2tes\u201d magnum<\/td><td>2023<\/td><\/tr><tr><td><mark style=\"background-color:#303e7a\" class=\"has-inline-color has-colibri-color-4-color\">Marange 1er cru \u00ab\u00a0La Fussi\u00e8re\u00a0\u00bb<\/mark><\/td><td>2023<\/td><\/tr><tr><td>Santenay 1er cru \u201cBeaurepaire\u201d<\/td><td>2023<\/td><\/tr><tr><td><mark style=\"background-color:#303e7a\" class=\"has-inline-color has-colibri-color-4-color\">Santenay 1er cru \u201cLes Gravi\u00e8res\u201d<\/mark><\/td><td>2023<\/td><\/tr><\/tbody><\/table><figcaption class=\"wp-element-caption\">Cuv\u00e9es d\u00e9gust\u00e9es le 13 septembre 2025 :\u00a0<mark style=\"background-color:#303e7a\" class=\"has-inline-color has-colibri-color-4-color\">nom de la cuv\u00e9e<\/mark><\/figcaption><\/figure>\n\n\n\n<div style=\"height:25px\" aria-hidden=\"true\" class=\"wp-block-spacer\"><\/div>\n\n\n\n<div class=\"wp-block-buttons is-layout-flex wp-block-buttons-is-layout-flex\">\n<div class=\"wp-block-button\"><a class=\"wp-block-button__link wp-element-button\" href=\"https:\/\/www.vinscoeur.be\/index.php\/les-domaines\/\">Retour aux domaines<\/a><\/div>\n<\/div>\n","protected":false},"excerpt":{"rendered":"<p>Vincent Morey Le nouveau caveau de d\u00e9gustation du Domaine La cave d&rsquo;\u00e9levage des vins en 2022 Liste des vins disponibles \u00e0 l\u2019achat lors de notre d\u00e9gustation&nbsp;d\u2018automne&nbsp;2025&nbsp;: Vin Blanc &nbsp; Santenay&nbsp; \u201cLes H\u00e2tes\u201d 2023 Santenay 1er cru \u201cPassetemps\u201d 2023 Chassagne-Montrachet 1er cru \u201cLes Embraz\u00e9es\u201d 2023 Chassagne-Montrachet 1er cru \u201cLes Caillerets\u201d 2023 Puligny-Montrachet 1er Cru \u201cLa Truffi\u00e8re\u201d [&hellip;]<\/p>\n","protected":false},"author":54,"featured_media":2003,"parent":0,"menu_order":0,"comment_status":"closed","ping_status":"open","template":"","meta":{"_acf_changed":false,"footnotes":""},"categories":[19],"tags":[],"class_list":["post-4057","page","type-page","status-publish","has-post-thumbnail","hentry","category-bourgogne"],"acf":[],"_links":{"self":[{"href":"https:\/\/www.vinscoeur.be\/index.php\/wp-json\/wp\/v2\/pages\/4057","targetHints":{"allow":["GET"]}}],"collection":[{"href":"https:\/\/www.vinscoeur.be\/index.php\/wp-json\/wp\/v2\/pages"}],"about":[{"href":"https:\/\/www.vinscoeur.be\/index.php\/wp-json\/wp\/v2\/types\/page"}],"author":[{"embeddable":true,"href":"https:\/\/www.vinscoeur.be\/index.php\/wp-json\/wp\/v2\/users\/54"}],"replies":[{"embeddable":true,"href":"https:\/\/www.vinscoeur.be\/index.php\/wp-json\/wp\/v2\/comments?post=4057"}],"version-history":[{"count":10,"href":"https:\/\/www.vinscoeur.be\/index.php\/wp-json\/wp\/v2\/pages\/4057\/revisions"}],"predecessor-version":[{"id":9043,"href":"https:\/\/www.vinscoeur.be\/index.php\/wp-json\/wp\/v2\/pages\/4057\/revisions\/9043"}],"wp:featuredmedia":[{"embeddable":true,"href":"https:\/\/www.vinscoeur.be\/index.php\/wp-json\/wp\/v2\/media\/2003"}],"wp:attachment":[{"href":"https:\/\/www.vinscoeur.be\/index.php\/wp-json\/wp\/v2\/media?parent=4057"}],"wp:term":[{"taxonomy":"category","embeddable":true,"href":"https:\/\/www.vinscoeur.be\/index.php\/wp-json\/wp\/v2\/categories?post=4057"},{"taxonomy":"post_tag","embeddable":true,"href":"https:\/\/www.vinscoeur.be\/index.php\/wp-json\/wp\/v2\/tags?post=4057"}],"curies":[{"name":"wp","href":"https:\/\/api.w.org\/{rel}","templated":true}]}}